3*x - 1067. Give s(155).
173
Let y(w) = -10*w**2 - 1565*w - 21844. What is y(-141)?
11
Let w(i) = i**2 + 123*i - 15586. Determine w(78).
92
Let p(m) = m**2 + 3767*m + 45077. Determine p(-12).
17
Let j(n) = -2*n**3 - 5*n**2 - 7*n - 3. Give j(-4).
73
Let y(d) = -122*d - 28858. What is y(-237)?
56
Let t(k) = 1253*k - 95115. What is t(76)?
113
Let v(w) = 651047*w + 2604185. Calculate v(-4).
-3
Let s(o) = -9*o**3 + 1141*o**2 + 2484*o + 12391. Give s(129).
7
Let i(d) = -d**3 + 41*d**2 - 63*d - 589. Calculate i(39).
-4
Let c(a) = -2*a**3 - 85*a**2 + 176*a + 8699. Calculate c(-42).
-457
Let i(c) = -c**2 + 47*c + 1054. Calculate i(-22).
-464
Let q(m) = m**3 + 43*m**2 - 71*m + 1323. Give q(-45).
468
Let s(h) = 1057*h**3 + 20*h**2 + 5*h - 13. Calculate s(-1).
-1055
Let h(s) = 140*s**2 + 76*s + 229. Calculate h(-3).
1261
Let t(j) = -2*j**3 - 2411*j**2 + 4444*j + 6807037. Determine t(-1205).
-8
Let r(b) = -b**2 - 1501*b - 406055. Determine r(-354).
-17
Let f(h) = -32*h**2 + 8170*h - 50281. Give f(249).
17
Let l(p) = -p**2 - 1161*p - 53517. Determine l(-48).
-93
Let p(m) = 2*m**2 + 549*m + 65. Calculate p(0).
65
Let z(v) = v**3 + 57*v**2 + 150*v + 15822. Give z(-59).
10
Let w(d) = -d**3 + 60*d**2 + 32*d + 16. What is w(0)?
16
Let u(m) = 4794*m + 19005. Determine u(-4).
-171
Let k(r) = 4*r**2 + 146*r + 1116. What is k(-10)?
56
Let l(v) = 270*v - 4655. What is l(17)?
-65
Let a(g) = 141*g - 544. Calculate a(4).
20
Let g(j) = -3850*j + 26999. What is g(7)?
49
Let t(r) = 221*r + 12011. Give t(-48).
1403
Let h(d) = -d**2 - 1721*d - 34. Give h(0).
-34
Let r(p) = -2*p**2 - 367*p - 12748. Calculate r(-46).
-98
Let r(i) = -5*i**3 + 8*i**2 - 165*i + 615. What is r(8)?
-2753
Let s(u) = -9*u**3 + 266*u**2 + 75*u + 14. What is s(30)?
-1336
Let f(q) = -q**2 - 169*q + 710. Give f(5).
-160
Let l(z) = -6*z**2 - 30113*z - 30113. Give l(-1).
-6
Let t(c) = -c**3 + 3*c**2 + 84*c - 670. What is t(10)?
-530
Let b(u) = -1009*u + 7506. Determine b(11).
-3593
Let g(q) = -53190*q + 319173. Calculate g(6).
33
Let n(b) = -77491*b - 387428. Give n(-5).
27
Let v(y) = y**2 - 421*y + 33339. What is v(107)?
-259
Let h(j) = -5*j**2 - 513*j - 12941. What is h(-47)?
125
Let t(k) = 1778*k - 82111. Give t(46).
-323
Let v(x) = 4842*x - 86839. What is v(18)?
317
Let z(k) = -k**3 + 89*k**2 - 401*k + 43906. Determine z(90).
-284
Let s(h) = -356*h**3 + h**2 - 41*h + 41. Give s(1).
-355
Let o(t) = 2*t**3 + 39*t**2 - 162*t - 18. What is o(-23)?
5
Let g(z) = z**3 + 10*z**2 + 6780*z + 67764. Calculate g(-10).
-36
Let f(m) = 36972*m + 480709. Give f(-13).
73
Let o(s) = 5*s**2 + 451*s + 4534. Determine o(-10).
524
Let l(j) = -j**3 - 9*j**2 + 591*j + 4770. What is l(-25)?
-5
Let o(y) = 95*y**3 - y**2 + 19*y + 43. Give o(-2).
-759
Let g(f) = -21*f**2 - 97*f + 212. Give g(-7).
-138
Let w(j) = -9*j**2 - 14818*j - 148167. Determine w(-10).
-887
Let j(q) = 21682*q - 130121. What is j(6)?
-29
Let p(d) = 133*d**2 + 775*d + 966. Determine p(-4).
-6
Let w(l) = -465*l + 6990. Determine w(15).
15
Let k(a) = 74793*a + 1720239. Give k(-23).
0
Let p(j) = 10*j**3 - 268*j**2 - 38*j - 439. Calculate p(27).
-7
Let d(p) = -p**3 + 43*p**2 + 316*p - 208. Determine d(50).
-1908
Let r(n) = 2*n**2 - 102*n + 179. Determine r(52).
283
Let k(o) = -256398*o + 1538362. Give k(6).
-26
Let y(w) = -2*w**3 - 61*w**2 + 1185*w - 1934. Determine y(12).
46
Let q(x) = 236*x**2 + 1036*x + 80. Determine q(-5).
800
Let o(y) = -16678*y + 817221. What is o(49)?
-1
Let d(y) = -14*y**3 + 332*y**2 + 73*y + 80. What is d(24)?
-472
Let l(y) = -103134*y + 619134. Determine l(6).
330
Let l(h) = -2*h**3 + 38*h**2 - 61022*h + 1159416. Determine l(19).
-2
Let p(g) = -g**3 + 75*g**2 - 219*g - 224. Determine p(72).
-440
Let n(c) = -c**3 - 163*c**2 - 2727*c + 1188. What is n(-144)?
-108
Let f(s) = -1482*s - 17693. Give f(-12).
91
Let g(a) = -a**3 + 28*a**2 - 30*a - 1544. Calculate g(12).
400
Let w(u) = 20*u**2 - 481*u - 1124. Determine w(25).
-649
Let v(h) = 89*h + 7976. Calculate v(-92).
-212
Let i(r) = -r**3 + 9*r**2 + 108550*r - 5. Give i(-325).
-5
Let w(q) = 2156*q - 51727. What is w(24)?
17
Let t(v) = -725*v + 5531. Give t(10).
-1719
Let s(w) = -802*w - 11300. What is s(-14)?
-72
Let l(s) = -s**3 + 10*s**2 + 84581*s - 1267599. Give l(15).
-9
Let h(t) = t**3 - 236*t**2 - 19897*t + 2312. What is h(-66)?
2
Let y(w) = -4899*w - 186294. Give y(-38).
-132
Let r(h) = 46*h + 1490. Calculate r(-20).
570
Let q(h) = -2*h**2 + 257161*h + 771506. Determine q(-3).
5
Let l(n) = 2*n**3 + 76*n**2 - 1655*n - 62821. Determine l(-38).
69
Let y(m) = 1520*m - 3121. Calculate y(2).
-81
Let h(a) = -309*a**3 + 2*a**2 + 9*a + 7. Give h(-2).
2469
Let w(u) = 54*u**3 - 1685*u**2 + 1951*u - 17. Determine w(30).
13
Let t(l) = 21314*l - 724660. What is t(34)?
16
Let v(x) = -4*x**2 + 2182*x + 37102. Calculate v(562).
10
Let c(d) = -d**3 - 224*d**2 + 3585*d - 240. Determine c(-239).
-240
Let n(x) = -5*x**2 + 3245*x + 84261. Calculate n(-25).
11
Let c(r) = -r**3 - 27*r**2 + 236*r + 173. Give c(7).
159
Let z(s) = s**3 + 41*s**2 - 22*s - 3596. Determine z(-39).
304
Let g(i) = 6*i**2 - 140*i + 123. What is g(32)?
1787
Let g(u) = -u**3 - 106*u**2 - 453*u - 2612. Give g(-102).
1978
Let n(g) = 96*g - 1308. What is n(14)?
36
Let y(t) = 579*t**3 - 470*t - 466. Give y(-1).
-575
Let p(v) = 59860*v + 119732. Calculate p(-2).
12
Let g(h) = 3*h**3 - 24*h**2 - 251*h + 1293. What is g(12)?
9
Let s(g) = 83*g**3 + 41*g**2 + 139*g + 40. What is s(-3)?
-2249
Let d(j) = -j**2 + 3810*j - 342061. Determine d(92).
-5
Let p(r) = -976*r - 3212. Calculate p(-5).
1668
Let l(j) = 6*j**3 + 55*j**2 + 41*j - 51. Give l(-8).
69
Let j(p) = 2*p**3 + 2*p**2 - 47*p - 850. Calculate j(0).
-850
Let g(b) = -228*b - 113729. Give g(-499).
43
Let p(o) = 96208*o - 3463497. Calculate p(36).
-9
Let m(t) = 47*t**2 - 4182*t + 932. Determine m(89).
1021
Let x(l) = 3*l**2 + 88*l + 217. Give x(-37).
1068
Let z(q) = q**3 + 5*q**2 + 596*q + 6834. Give z(-11).
-448
Let u(o) = -159*o**2 - 343*o + 2466. Determine u(3).
6
Let d(v) = 271*v - 18549. What is d(68)?
-121
Let l(v) = 43166*v + 1424469. Calculate l(-33).
-9
Let n(b) = b**2 + 202*b - 2813. Determine n(8).
-1133
Let s(g) = -21572*g + 884487. Give s(41).
35
Let i(r) = -r**2 - 3943*r - 86295. Determine i(-22).
-33
Let c(v) = v**3 + 2*v**2 + 556*v + 3484. Give c(-6).
4
Let p(b) = -b**3 - 89*b**2 + 310*b - 366. What is p(-92)?
-3494
Let n(b) = 469*b + 36338. What is n(-78)?
-244
Let f(n) = -82*n**2 - 860*n + 4029. What is f(-14)?
-3
Let r(f) = f**2 + 2278*f + 1092042. What is r(-686)?
-70
Let w(t) = 3*t**3 + 15*t**2 - 1497*t + 67. Determine w(-25).
-8
Let s(y) = -y**2 - 201*y - 6431. Give s(-40).
9
Let k(d) = 25*d**2 - 969*d - 56604. Give k(-32).
4
Let l(d) = -19*d**2 + 461*d + 405. Calculate l(28).
-1583
Let z(x) = x**3 - 88*x**2 + 568*x - 26596. What is z(85)?
9
Let r(m) = 42*m**2 + 592*m - 26. Calculate r(-14).
-82
Let y(f) = -7*f**2 - 552*f - 5472. What is y(-67)?
89
Let l(f) = -f**3 + 489*f**2 - 492*f + 2073. Calculate l(488).
121
Let d(m) = -m**2 + 264304*m + 2114507. What is d(-8)?
11
Let g(o) = -2409*o - 1838042. What is g(-763)?
25
Let q(y) = y**3 - 65*y**2 + 331*y + 944. Calculate q(-2).
14
Let q(u) = -6*u**3 - 786*u**2 - 8*u - 1047. What is q(-131)?
1
Let r(g) = 2*g**2 - 1518*g - 3036. Determine r(-2).
8
Let u(z) = -94323*z - 24241015. Calculate u(-257).
-4
Let r(g) = 148*g - 13932. What is r(107)?
1904
Let k(p) = p**3 - 88*p**2 - 544*p + 32797. What is k(90)?
37
Let o(j) = 1997*j + 84. What is o(0)?
84
Let y(n) = 3*n**3 + 266*n**2 - 351*n + 434. What is y(-90)?
-376
Let x(z) = 4377*z + 1050487. Calculate x(-240).
7
Let x(t) = -t**3 - 163*t**2 + 6230*t + 1015492. Calculate x(-163).
2
Let k(q) = -94*q + 502. Calculate k(5).
32
Let i(w) = w**3 + 18*w**2 - 1908*w + 1939. What is i(-54)?
-5
Let x(n) = -n**3 - 113*n**2 + 2063*n - 70. Give x(-129).
59
Let w(i) = 22450*i - 246921. Give w(11).
29
Let b(o) = -235*o**2 - 962*o + 1057. Calculate b(-5).
-8
Let b(h) = 14*h**2 + 3279*h + 48861. What is b(-16)?
-19
Let w(l) = 7*l**2 - 1549*l - 4634. Calculate w(-3).
76
Let r(p) = -p**2 + 554986*p - 12209203. Give r(22).
5
Let u(v) = 15876*v + 95203. Calculate u(-6).
-53
Let p(d) = -393*d + 83519. Give p(213).
-190
Let c(m) = -1395*m - 6156. What is c(-5)?
819
Let r(d) = -d**2 + 2517*d - 59822